+ 13*7. Suppose 3*v = 5*g + p, 3*g - 4*g - 27 = -3*v. Let o = 24 + g. What is the remainder when 24 is divided by o?
6
Let y = -80 - -107. Suppose 4*w + y = 55. Calculate the remainder when 32 is divided by w.
4
Suppose 0 = l - 5*k + 99, 4*l + k = -k - 308. Let m = -56 - l. Calculate the remainder when m is divided by 6.
5
Let j(h) = 2*h**3 - 12*h**2 - 6*h - 9. Calculate the remainder when 182 is divided by j(7).
41
Suppose 144 + 975 = 22*k + 85. What is the remainder when k is divided by (-246)/(-10) - (-4)/10?
22
Suppose -2*n = 2*j - 186, -2*j = j - 5*n - 279. What is the remainder when j is divided by 9?
3
Suppose 0 = 600*h - 607*h + 105. Let g = 112 + -54. What is the remainder when g is divided by h?
13
Calculate the remainder when (-264)/(-21)*(-21)/(-6) is divided by 15.
14
Let c = 26 - 12. What is the remainder when (44 - 1) + -3 + 1 is divided by c?
13
Let v(w) = w**2 + 8*w + 14. Let k be v(12). Suppose -5*z + k = 59. Calculate the remainder when z is divided by 15.
9
Let q = 59 + -54. What is the remainder when 53 is divided by q?
3
Suppose 10*q = -32*q + 16296. What is the remainder when q is divided by 15?
13
Suppose -2*x - 2*x - 4 = 0. What is the remainder when (-22)/(-1) + x + 2 is divided by (-168)/(-27) - (-36)/(-162)?
5
Let u(x) = x**2 - 7*x + 14. Let k be ((-8)/6)/(2/(-6)). Calculate the remainder when u(k) is divided by 1.
0
Let a be (-6 - -1)*6/(-15). Let t(c) = -c**3 + 4*c**2 + 2. Calculate the remainder when ((-2)/(-4))/(a/156) is divided by t(2).
9
Let j(i) = i**2 + 14*i - 27. What is the remainder when j(-19) is divided by 20?
8
What is the remainder when 16/20*5*(-32)/(-4) is divided by 17?
15
Let x = 53 - 20. Suppose 7*k - 71 + 22 = 0. Calculate the remainder when x is divided by 12 + k/((-21)/9).
6
Suppose -5*d + 300 + 375 = 0. Let y = d + -94. What is the remainder when 79 is divided by y?
38
Suppose -245 = -9*u + 2023. Calculate the remainder when u is divided by 8.
4
Let u(r) = -13*r - 1. Suppose 0 = -3*b - 3*t - 18, 0 = 3*b - t + 3*t + 14. What is the remainder when u(b) is divided by 14?
11
Suppose -32*o + 2400 = -7*o. Calculate the remainder when o is divided by 21.
12
Let m = 8 + -5. Suppose 0*j + 120 = 5*p - j, p - 10 = m*j. Calculate the remainder when 47 is divided by p.
22
Let i(v) = 10*v**2 - 3*v - 1. Let u be i(-2). Suppose u = 3*k - 0*k. Suppose 8*z = 7*z + 28. Calculate the remainder when z is divided by k.
13
Let s(a) = -9*a**2 - 4*a. Let x be s(-3). Let c = -44 - x. What is the remainder when 72 is divided by c?
22
Suppose 315 - 91 = 7*b. Calculate the remainder when 155 is divided by b.
27
Suppose 0 = -0*t - 4*t + 64. Let s(n) = n**3 + 26*n**2 + 14*n - 810. Calculate the remainder when t is divided by s(-24).
4
Suppose 6 = -13*d + 16*d. Suppose -5*u - 4*g + 79 = 0, 2*g = -d*u + 4*u - 46. Calculate the remainder when 74 is divided by u.
17
Suppose -15*u - 178 + 1903 = 0. What is the remainder when u is divided by 26?
11
Let h(o) = o**3 - 12*o**2 + 16*o - 10. Let q = 187 + -130. Suppose -3*x + q = -2*y + 5*y, 0 = 4*y + x - 67. Calculate the remainder when h(11) is divided by y.
13
Calculate the remainder when 264 is divided by (4/8)/((-2180)/(-1088) - 2).
128
Suppose -2*z + 3*q = -520 + 157, -2*q - 542 = -3*z. Calculate the remainder when z is divided by 26.
24
Suppose 34*n - 296 = 26*n. Calculate the remainder when n is divided by 10.
7
Let a(t) = -36*t + 8. Let v be a(-4). Let d = -78 + v. What is the remainder when d is divided by 19?
17
Suppose -392*a + 4230 = -362*a. What is the remainder when a is divided by 18?
15
What is the remainder when (-57)/(-6)*1*1*6 is divided by (8/16)/((3/1)/78)?
5
Let y = -47 - -13. Let l = -1 - 22. Let z = l - y. Calculate the remainder when 42 is divided by z.
9
Suppose -4*k - 150 + 22 = 0. Let j = 15 - k. Calculate the remainder when j is divided by (-4)/10 + 82/5.
15
Suppose 3*s + 0*s - 12 = 0. Suppose -s*x - 3 = -19. Suppose 4 + x = h. Calculate the remainder when 15 is divided by h.
7
Let n(m) = 8*m**2 - 7. What is the remainder when 255 is divided by n(3)?
60
Suppose 2*b - b - 5*w = 642, -5*w - 15 = 0. What is the remainder when b is divided by 63?
60
Let s(k) = -k**3 - 3*k**2 + 4*k - 3. Let o be s(2). Suppose -13*m + 15 = -16*m. Calculate the remainder when (52/m)/(6/o) is divided by 9.
8
Suppose -2*m = 2*u - 8, -m - 2*m = -3*u - 6. Let i be 3/(-21)*4 - (-24)/42. Suppose 4*x + 3 - 15 = i. Calculate the remainder when x is divided by m.
0
Calculate the remainder when 33 is divided by (27 + 1)/(-7) + 11 + 1.
1
Let r(w) = -2*w**2 - 20*w + 40. What is the remainder when 287 is divided by r(-11)?
17
Calculate the remainder when -3*(850/(-15) - -11) is divided by (-2)/5 - (-117)/5.
22
Suppose 2*j = -2*g + 84, 111*g + 2*j = 108*g + 131. Calculate the remainder when 233 is divided by g.
45
Let p = 139 + -70. What is the remainder when p is divided by 4?
1
Let g(q) = -q**2 - 13*q + 8. What is the remainder when 206 is divided by g(-7)?
6
Let t(z) = z**2 - 9*z + 12. Let f be t(9). Suppose 37*q - 42*q = -105. Let s = q - f. Calculate the remainder when s is divided by 6.
3
Let n(i) = 82*i + 5. Let d be n(2). Suppose 2*q = 2*t + 74, 3*t = 5*q - 10*q + d. What is the remainder when q is divided by 12?
11
Suppose 785*y = 788*y - 264. Calculate the remainder when y is divided by 8.
0
Let u = -28 - -38. Let g(f) = f**3 - 9*f**2 - 11*f + 18. Calculate the remainder when g(u) is divided by 3.
2
Suppose -168*l + 1890 = -158*l. Calculate the remainder when l is divided by 97.
92
Suppose -i + 1804 = 4*i + 2*w, -i = -2*w - 356. Calculate the remainder when i is divided by 52.
48
Let s(i) be the second derivative of 3*i**5/20 - i**4 + 4*i**3/3 + 5*i**2/2 + 4*i + 1. What is the remainder when s(4) is divided by 13?
11
Suppose 54 = 3*w + 3*c, -5*w - 54 = -8*w - c. What is the remainder when ((-30)/(-8))/(1/16) is divided by w?
6
Suppose 12*k - 9*k = 12. Suppose 0 = k*l - 20, 4*a + l + 4*l - 65 = 0. Suppose 4*p - 8*p + 16 = 0. Calculate the remainder when a is divided by p.
2
Suppose 14*z + 567 = 21*z. What is the remainder when z is divided by 17?
13
Let g(w) = 2*w + 9. Let s be g(-6). Let b be (-3)/((-9)/s) - -21. Suppose -b - 12 = -2*u. Calculate the remainder when 30 is divided by u.
14
Suppose 1042 = -3*m - 404. Suppose f = -0*f + 15. Calculate the remainder when (-8)/(-44) - m/11 is divided by f.
14
Let d = -33 - -38. Let o be (-9)/6*(3 - d). Let v(f) = 8*f + 3. What is the remainder when v(o) is divided by 7?
6
Suppose -p + 5*p - 28 = 0. Let k be (-1)/((2/(-2))/79). Suppose 3*a + 8*m - 12*m = k, 71 = 3*a + 4*m. What is the remainder when a is divided by p?
4
Let p = 47 - -22. Let k be (-2)/5 + 324/(-15). Let l = 36 + k. What is the remainder when p is divided by l?
13
Let f = 81 + -59. Let m(o) = 2*o**2 - 4*o - 7. What is the remainder when m(6) is divided by f?
19
What is the remainder when 844 is divided by (128/(-96))/(1/(-12))?
12
Let s(l) = -7*l**2 + 10*l + 8. Let o(t) = -t**2 + t + 1. Let c(w) = 5*o(w) - s(w). What is the remainder when -7*108/(-63)*5 + 2 + 2 is divided by c(5)?
20
Let h = -352 - -369. Calculate the remainder when 186 is divided by h.
16
Suppose 3*w = -h + 164 + 205, -378 = -3*w + 2*h. Calculate the remainder when w is divided by 6.
4
Suppose 0 = b - 6*b + 1020. Suppose 3*g = -u + 16 + 17, -5*u + b = 2*g. Suppose x + 3 = -4*n, 15 = -4*n - n. What is the remainder when u is divided by x?
6
Let s = 290 - 219. Calculate the remainder when s is divided by 26.
19
Let g = -8 - -12. Suppose 0 = 4*v - 2*l - l - 48, 25 = v - g*l. Calculate the remainder when 53 is divided by v.
8
Suppose 0 = 3*b + 3 - 21. Suppose 28*s - 25*s = -546. Let a = -168 - s. Calculate the remainder when a is divided by b.
2
Let z be (-20)/(-5) - (3 + 1). Suppose z = -3*c + 70 - 4. What is the remainder when c is divided by 8?
6
Let p(s) = 2*s**2 + 2*s + 6. Let u be p(14). Suppose -3*x - u = -3*q, 3 = -x - 0. What is the remainder when q is divided by 35?
34
Suppose -25*p + 363 = 69*p - 61*p. Let k(b) = -b**3 + 5*b**2 + b - 7. Let t be k(5). Let u(v) = 5*v**2 - 1. What is the remainder when u(t) is divided by p?
8
Let s(w) = -2*w**3 - 49*w**2 + 22*w - 3. Calculate the remainder when 121 is divided by s(-25).
49
Let j(w) = -w**3 + 4*w**2 + 8*w + 2. Calculate the remainder when 161 is 